e i - 5*f = 15, 4*i + 4*f - 2*f - 16 = 0. Suppose 5*o - o = -i*p + 327, 0 = -3*p + 3*o + 180. What are the prime factors of p?
3, 7
Let j(m) = -2 + 9 - 9*m + 8*m - 4*m. What are the prime factors of j(0)?
7
Let j(a) = a**3 - 17*a**2 - 77*a + 33. What are the prime factors of j(22)?
3, 11, 23
Let k(w) = -w**2 - 13*w - 11. Let i(l) = -2*l**3 + l**2 + l. Let g be i(2). List the prime factors of k(g).
19
Suppose -2*j = -6886 + 380. Suppose 0 = -13*z - 861 + j. What are the prime factors of z?
2, 23
Suppose -3*z - 5*y + 3069 = 0, 4*z - 1236 = y + 2856. List the prime factors of z.
3, 11, 31
Suppose 3*y = -3*b + 957, 0*b - b + 311 = -y. What are the prime factors of b?
3, 5, 7
Suppose 0 = 2*v - 4*v + 3*b + 8, 0 = -4*v + 2*b. What are the prime factors of 1495/5 + v/1?
3, 11
Suppose 3*w - 5*z = 1419, -5*w + 3*z + 2242 = -107. List the prime factors of w.
2, 3, 13
Suppose -4*b + 5*c + 3 = 15, 12 = -4*b + 2*c. What are the prime factors of 4 - (5 - 259 - b)?
3, 5, 17
Suppose 166 = 2*o - 406. What are the prime factors of o?
2, 11, 13
Suppose -5*r + 6*r + 4 = 0. Let d be 4 + ((-16)/r - 3). Suppose t - 37 = -d. List the prime factors of t.
2
Let l(d) = 9*d + 1. Let f = -21 - -31. List the prime factors of l(f).
7, 13
Let k be (2 + -3)/((-2)/10). Suppose u + 1 = k. Suppose -t + 195 = u*t. What are the prime factors of t?
3, 13
List the prime factors of 4 - 0 - -10*(0 - -1).
2, 7
List the prime factors of ((-7)/70*-5)/((-3)/(-1266)).
211
Let b be ((-4)/14)/(13/(-91)). Suppose 5*q - 72 = 4*s + 328, b*s - 5*q + 190 = 0. What are the prime factors of (s/(-5))/(6/8)?
2, 7
Let x be 206*1 - (-6 + 8). Suppose -8*b = -5*b - x. What are the prime factors of b?
2, 17
Suppose -4*o = 4*w - 414 - 110, -5*o + 631 = -3*w. List the prime factors of (6 + o)*(-3)/(-2).
3, 67
Let k(w) = 17*w**2 + 4*w. Let d be k(5). Suppose -d = -4*n + 39. List the prime factors of n.
11
Suppose -2*y = 3*y + 5*k + 20, 5*y - 20 = 5*k. Suppose y*t = -4*t + 732. What are the prime factors of t?
3, 61
Suppose 6*p - m - 219 = 3*p, 0 = 3*p + 2*m - 210. Let r = -3 + -46. Let f = p + r. List the prime factors of f.
23
Let l(k) = 2*k**3 - 2*k**2 - 2*k + 2. Let g be l(2). Suppose -2*p + g = -2*x, -x + 2*x - 9 = -5*p. What are the prime factors of (p/(-4))/(1/(-14))?
7
Let u(z) = z**3 + 3*z**2 - 4*z + 5. Let x be u(-6). Let f = x + 90. List the prime factors of f.
11
Suppose -358*x + 325*x = -56661. List the prime factors of x.
17, 101
Let b = 1944 - 873. What are the prime factors of b?
3, 7, 17
Let v(r) = 96*r**2 - 1. Let t be v(1). Suppose p = 2*j - 15, 0 = 3*p - 0*j + 4*j + t. Let o = -15 - p. List the prime factors of o.
2, 5
Let h(g) = -90*g**3 - 3*g**2 - 2*g - 4. What are the prime factors of h(-2)?
2, 3, 59
Let z = 3967 - -536. List the prime factors of z.
3, 19, 79
List the prime factors of (8/40)/(15318/15315 + -1).
1021
Let r = -659 - -1181. List the prime factors of r.
2, 3, 29
Let b = 1382 + -628. What are the prime factors of b?
2, 13, 29
What are the prime factors of 70/2 + -10 + (-5 - -16)?
2, 3
Let w(d) = -153*d - 5. Let r be w(-4). Suppose -2*q + 3*h + 383 - 136 = 0, r = 5*q + 3*h. List the prime factors of q.
2, 61
Suppose 0 = -b - 35 + 154. List the prime factors of b + 1/(2/8).
3, 41
Let y be 2/(-6)*(-42)/7. Let d be (48/60)/(y/65). Let n = d + -19. What are the prime factors of n?
7
Let p(s) = s**3 + 2*s**2 - 3*s. Let h be -1 + 5 + (4 - 5). What are the prime factors of p(h)?
2, 3
Let u = 3 - 1. Let h be 1/u*-2*0. Suppose 0 = 4*f + n - 59 + 16, 5*f + 3*n - 52 = h. List the prime factors of f.
11
Suppose -504 = -5*v - 3*o, v + 7*o - 92 = 2*o. Suppose -3*c - 2*i = -6*c - 167, 4*c - 4*i + 228 = 0. Let z = v + c. What are the prime factors of z?
7
Suppose 3*z - 2496 = -z. What are the prime factors of z?
2, 3, 13
Suppose -4*h + 0*h + 2100 = 0. What are the prime factors of h?
3, 5, 7
Let c = -43 - -107. Let z = 109 + -91. Let w = c - z. List the prime factors of w.
2, 23
Let f be (-92)/(-20) - (-6)/15. Suppose f*q = 0, y - 256 = -3*y - q. List the prime factors of y.
2
Let x(o) = 16*o**2 + 9*o + 6. Let i(l) = 5*l**2 + 3*l + 2. Let p(h) = 11*i(h) - 4*x(h). Let b be p(3). What are the prime factors of (0 + 1)/((-4)/b)?
23
Let x = -540 + 1003. What are the prime factors of x?
463
Suppose 8*f + 5*q - 1770 = 3*f, -2*f - q + 712 = 0. What are the prime factors of f?
2, 179
Let q(t) = -15*t + 13. Let a be q(-8). Suppose 4*k = a + 171. Let c = 114 - k. What are the prime factors of c?
2, 19
Suppose 9*r = 19123 - 2563. List the prime factors of r.
2, 5, 23
Suppose 0 = -4*n + 5*v + 356, 0 = -4*n - 2*v + 4*v + 368. Suppose 3*j - 137 = -h, 3*j - 5*j + 2*h + n = 0. List the prime factors of j.
2, 23
Let r be ((-1352)/130)/((-2)/(-320)*-1). Suppose 4*o + 4*o = r. List the prime factors of o.
2, 13
Suppose -4285 = -12*b - 445. List the prime factors of b.
2, 5
Let t(q) = 32*q - 9. Let n be t(3). Suppose 0 = -21*f + 20*f + n. What are the prime factors of f?
3, 29
Let x(v) = 1 + 9*v**2 - 2*v + 4 + 1 - 5. What are the prime factors of x(-3)?
2, 11
Let i(p) = -12*p - 19. Let q(v) = 25*v + 37. Let h(y) = 5*i(y) + 3*q(y). List the prime factors of h(3).
61
Let s = -648 + 154. What are the prime factors of -4*(-1)/4 + s/(-2)?
2, 31
Suppose 0 - 3 = c - 4*g, 9 = -3*c + 3*g. List the prime factors of (3/(-4))/(c/216).
2, 3
Suppose 26 = 2*c - 4*x, -2 = 2*x + 6. Suppose 4*p = -3*v + 2*p + 146, -5*v + c*p + 285 = 0. What are the prime factors of v?
2, 13
Let k = 266 - -55. What are the prime factors of k?
3, 107
Suppose -16*m - 316 = -17*m. What are the prime factors of m?
2, 79
Let b(g) = g**3 + 5*g**2 - 6*g + 5. Let r be b(-6). Suppose -r*n = -6*n + 4. List the prime factors of n.
2
Suppose 4*d - 11 - 1 = 0. Suppose y + 1 - d = 0. Suppose 3*r + y = 17. What are the prime factors of r?
5
Let t = -55 - -108. Suppose t = w + 5*x + 1, -304 = -5*w - 3*x. What are the prime factors of w?
2, 31
Let u = 36 - 16. Let d = -12 + u. Suppose 2*y - 2*b - 98 = 0, 0 = -2*y + 5*b - d*b + 93. What are the prime factors of y?
2, 3
Let b(a) = 10*a**2 + 5*a**2 + 2*a - 5 + 0*a + 11*a**2. Let v be b(3). Suppose -80 + v = 5*u. List the prime factors of u.
31
Suppose -3*f = -22*f + 16549. List the prime factors of f.
13, 67
Suppose 22*v - 3*v - 26277 = 0. What are the prime factors of v?
3, 461
Let z(w) = 3 - 33*w + 8*w**3 + 29*w**2 + 0 + 12*w - 9*w**3. What are the prime factors of z(28)?
199
List the prime factors of 1011/(0 + 6 - 9 - -4).
3, 337
Suppose 6*i = -145 - 263. Let f be i/(-18) - (-2)/9. List the prime factors of ((-2)/f)/((-3)/456).
2, 19
Suppose -3*m + 1320 = 2*z, -2*m + 4*z + 600 = -296. List the prime factors of m.
2, 13, 17
Suppose 2*h + 2*o = -o + 350, -o = -h + 175. Let c = 247 - h. List the prime factors of c.
2, 3
Let v be (2 - 1) + (-434)/(-7). Let f = 237 - v. Suppose 5*y - 2*j - 159 = 131, -3*y - 2*j + f = 0. List the prime factors of y.
2, 29
Let g = 436 + -188. List the prime factors of g.
2, 31
Suppose -7*n - 4 = -32. Suppose 12*w - 7*w - 1140 = 2*i, n*w - 3*i = 905. List the prime factors of w.
2, 5, 23
Let g = -5 + 10. Let h be (1 - g)*(-12)/24. What are the prime factors of ((-1)/h)/(1/(-30))?
3, 5
Let y be 0/(-19) + 1*-31. Let f = y - -92. List the prime factors of f.
61
Let v(q) = -5*q - 4. Suppose 3*r = 5 - 17. Let f be v(r). What are the prime factors of (-36)/f*12/(-3)?
3
Let x = 19 - -8. Suppose -3*c - r + x = 0, -10 - 9 = -2*c - r. List the prime factors of c.
2
Let q(b) = 6*b**3 + 2*b**2 + 6*b + 3. List the prime factors of q(3).
3, 67
Let l(d) = -2*d + 23. Let s be l(9). Suppose -s*h = -2*h - 90. List the prime factors of h.
2, 3, 5
Let c = -4 - -1. What are the prime factors of 1*(68 + c + 2)?
67
Let b(y) = 258*y**3 - 2*y**2 + y - 1. List the prime factors of b(1).
2
Let g(m) = 14*m**2 - 4*m - 40. List the prime factors of g(-8).
2, 3, 37
List the prime factors of -22*(-26)/4 + (1 - -1).
5, 29
Suppose 9*m - 44 = 1. Suppose -4*t = -m*w + 868, 0 = -3*w + 2*t - 262 + 782. What are the prime factors of w?
2, 43
Suppose -28 = 4*r - 4*b, 30 = -5*r + 4*b - 1. Let k be 70/42 + 2/r. What are the prime factors of 4/1 + k + 28?
3, 11
Suppose 2*i - 3*l + 1 = 0, 9*i - 2*l = 4*i + 14. Suppose 0*p = 2*p - i. What are the prime factors of p?
2
Let w(h) = 18*h - 38*h + 25*h + 19. What are the prime factor